{"id":83,"date":"2015-10-07T16:15:00","date_gmt":"2015-10-07T15:15:00","guid":{"rendered":"https:\/\/eszvoktopus.nl\/wordpress\/?page_id=83"},"modified":"2015-10-07T16:15:00","modified_gmt":"2015-10-07T15:15:00","slug":"club-song","status":"publish","type":"page","link":"https:\/\/eszvoktopus.nl\/?page_id=83","title":{"rendered":"Club song"},"content":{"rendered":"<p><strong>Association<\/strong><\/p>\n<p><strong>Club song<\/strong><\/p>\n<p>Aan de oever van de Dommel<br \/>\ntussen Son en Valkenswaard<br \/>\ndaar is Oktopus geboren<br \/>\ndaar is Oktopus ontaard.<\/p>\n<p>Eerst was het zo&#8217;n net braaf clubje<br \/>\ndat op grote toekomst hoopt<br \/>\nnu is het een grote bende<br \/>\ndie slechts op alcohol nog loopt.<\/p>\n<p>Maar verdomme, sprak een speler<br \/>\nondanks al dit onfatsoen<br \/>\nraken wij in betere tijden<br \/>\nkomen wij in beter doen.<\/p>\n<p>Ondanks al dit vele zuipen<br \/>\ngepaard met andere soorten lust<br \/>\nzal er eentje zege vieren<br \/>\nkampioen wordt Oktopus<\/p>\n<p>Periodiek zijn wij onthouden<br \/>\nvan de vijand alcohol<br \/>\noh, wat konden wij toen spelen<br \/>\ngeen enkel standje was te dol.<\/p>\n<p>De moraal van deze story<br \/>\nje zult het horen, je zult het zien<br \/>\nook al hebben wij verloren<br \/>\nwij zijn toch het beste team.<\/p>\n<p>(speciaal voor de intro)<br \/>\nMocht je dit dan niet geloven<br \/>\nmocht je dit te boven gaan<br \/>\nik kan je een ding aanbevelen<br \/>\nmeld je als nieuw lid aan.<\/p>\n","protected":false},"excerpt":{"rendered":"<p>Association Club song Aan de oever van de Dommel tussen Son en Valkenswaard daar is Oktopus geboren daar is Oktopus ontaard. Eerst was het zo&#8217;n net braaf clubje dat op grote toekomst hoopt nu is het een grote bende die slechts op alcohol nog loopt. Maar verdomme, sprak een speler ondanks al dit onfatsoen raken [&hellip;]<\/p>\n","protected":false},"author":1,"featured_media":0,"parent":0,"menu_order":0,"comment_status":"closed","ping_status":"closed","template":"","meta":{"jetpack_post_was_ever_published":false,"footnotes":""},"class_list":["post-83","page","type-page","status-publish","hentry"],"jetpack_sharing_enabled":true,"jetpack_shortlink":"https:\/\/wp.me\/P9X8Br-1l","jetpack-related-posts":[{"id":2571,"url":"https:\/\/eszvoktopus.nl\/?page_id=2571","url_meta":{"origin":83,"position":0},"title":"Privacy Policy","author":"ESZV Oktopus","date":"7 July 2018","format":false,"excerpt":"Privacyverklaring der E.S.Z.V. Oktopus d.d. 14\/04\/2022 \u00a0 Wij respecteren uw privacy en verwerken uw persoonsgegevens alleen voor het doel waarvoor u ze heeft verstrekt. In deze privacyverklaring trachten we hier meer duidelijkheid over te scheppen welke persoonsgegevens we verzamelen, met welk doel en welke diensten er voor de verwerking gebruikt\u2026","rel":"","context":"Similar post","block_context":{"text":"Similar post","link":""},"img":{"alt_text":"","src":"","width":0,"height":0},"classes":[]},{"id":3588,"url":"https:\/\/eszvoktopus.nl\/?page_id=3588","url_meta":{"origin":83,"position":1},"title":"Restricted content","author":"ESZV Oktopus","date":"7 March 2021","format":false,"excerpt":"Statuten-van-de-E.S.Z.V.-OktopusDownload Statutes-of-the-E.S.Z.V.-OktopusDownload Huishoudelijk-Reglement-E.S.Z.V.-OktopusDownload Internal-Rules-E.S.Z.V.-OktopusDownload Contributie-policy-NederlandsDownload Contribution-policy-EnglishDownload The statutes and internal are currently undergoing an update. The contribution policy has been created and updated in the season of 2022\/23","rel":"","context":"Similar post","block_context":{"text":"Similar post","link":""},"img":{"alt_text":"","src":"","width":0,"height":0},"classes":[]},{"id":3241,"url":"https:\/\/eszvoktopus.nl\/?page_id=3241","url_meta":{"origin":83,"position":2},"title":"Heren 2 (2022-2023)","author":"ESZV Oktopus","date":"5 November 2019","format":false,"excerpt":"From left to right: Andrei Marcu Ralph Houben Jochem van Pamelen Stan Kastelijn Roel van Dijck Ramon de Vries Kevin Mathey Jaro Fransen Benjamin Vot\u00e9 Robert Kwant \u00a0","rel":"","context":"Similar post","block_context":{"text":"Similar post","link":""},"img":{"alt_text":"","src":"https:\/\/i0.wp.com\/eszvoktopus.nl\/wp-content\/uploads\/2023\/01\/DSC_4032-300x200.jpg?resize=350%2C200&ssl=1","width":350,"height":200,"srcset":"https:\/\/i0.wp.com\/eszvoktopus.nl\/wp-content\/uploads\/2023\/01\/DSC_4032-300x200.jpg?resize=350%2C200&ssl=1 1x, https:\/\/i0.wp.com\/eszvoktopus.nl\/wp-content\/uploads\/2023\/01\/DSC_4032-300x200.jpg?resize=525%2C300&ssl=1 1.5x"},"classes":[]},{"id":3225,"url":"https:\/\/eszvoktopus.nl\/?page_id=3225","url_meta":{"origin":83,"position":3},"title":"Gents 1 &#038; 2 (2024-2025)","author":"ESZV Oktopus","date":"5 November 2019","format":false,"excerpt":"\u00a0 Upper row, from left to right:Mihai ChiraChiel BoonsKinlok LauRutger SteijnRoel van DijckVasco AlmeidaEfehan TopcuDuarte PalanchaGian Forero Ziegler Lower row, from left to right:Tom de LeeuwRitvars B\u0113rzi\u0146\u0161Robert KwantKevin MatheySven BierenbroodspotVictor BaasMartijn MeijJord Dijkema Not on this picture: Christian JipaCedric Odille \u00a0 \u00a0 \u00a0","rel":"","context":"Similar post","block_context":{"text":"Similar post","link":""},"img":{"alt_text":"","src":"https:\/\/i0.wp.com\/eszvoktopus.nl\/wp-content\/uploads\/2024\/12\/20241123195301.jpg?resize=350%2C200&ssl=1","width":350,"height":200,"srcset":"https:\/\/i0.wp.com\/eszvoktopus.nl\/wp-content\/uploads\/2024\/12\/20241123195301.jpg?resize=350%2C200&ssl=1 1x, https:\/\/i0.wp.com\/eszvoktopus.nl\/wp-content\/uploads\/2024\/12\/20241123195301.jpg?resize=525%2C300&ssl=1 1.5x, https:\/\/i0.wp.com\/eszvoktopus.nl\/wp-content\/uploads\/2024\/12\/20241123195301.jpg?resize=700%2C400&ssl=1 2x, https:\/\/i0.wp.com\/eszvoktopus.nl\/wp-content\/uploads\/2024\/12\/20241123195301.jpg?resize=1050%2C600&ssl=1 3x, https:\/\/i0.wp.com\/eszvoktopus.nl\/wp-content\/uploads\/2024\/12\/20241123195301.jpg?resize=1400%2C800&ssl=1 4x"},"classes":[]}],"_links":{"self":[{"href":"https:\/\/eszvoktopus.nl\/index.php?rest_route=\/wp\/v2\/pages\/83","targetHints":{"allow":["GET"]}}],"collection":[{"href":"https:\/\/eszvoktopus.nl\/index.php?rest_route=\/wp\/v2\/pages"}],"about":[{"href":"https:\/\/eszvoktopus.nl\/index.php?rest_route=\/wp\/v2\/types\/page"}],"author":[{"embeddable":true,"href":"https:\/\/eszvoktopus.nl\/index.php?rest_route=\/wp\/v2\/users\/1"}],"replies":[{"embeddable":true,"href":"https:\/\/eszvoktopus.nl\/index.php?rest_route=%2Fwp%2Fv2%2Fcomments&post=83"}],"version-history":[{"count":2,"href":"https:\/\/eszvoktopus.nl\/index.php?rest_route=\/wp\/v2\/pages\/83\/revisions"}],"predecessor-version":[{"id":4085,"href":"https:\/\/eszvoktopus.nl\/index.php?rest_route=\/wp\/v2\/pages\/83\/revisions\/4085"}],"wp:attachment":[{"href":"https:\/\/eszvoktopus.nl\/index.php?rest_route=%2Fwp%2Fv2%2Fmedia&parent=83"}],"curies":[{"name":"wp","href":"https:\/\/api.w.org\/{rel}","templated":true}]}}